 + (-14 - (-4 + -14 - -11)).
-9
(-5 - (6 + 8)) + (11 - 0)
-8
Calculate -2 - (-15 + 7 + (4 - -13)).
-11
What is (-60 + 18 - -24) + -11?
-29
(30 - (-6 + 44)) + 38
30
Evaluate 11 + -7 + -22 - (-3 + 0 + 4).
-19
What is (-1 - 1) + (-57 - -46 - -7)?
-6
What is 5 + (-9 - (-1 - (5 + 9)))?
11
Evaluate -16 - ((-4 - 8) + 28).
-32
-9 - (5 - 12 - -3)
-5
Calculate -34 - (-11 - 0 - -21 - (1 + 10)).
-33
-22 - ((-13 - 7) + 3) - 4
-9
What is (7 - -16) + (-24 - -4 - -9)?
12
Evaluate 14 + (11 - 3) + (0 - 13).
9
13 + 9 + 14 + -13 + 5 + 0
28
What is the value of (7 + -25 - -2) + 7?
-9
Calculate -17 - (10 - 23) - -11.
7
Evaluate (-4 - 10) + (-4 - (10 + -10 - 2)).
-16
What is the value of 3 - (-4 + (-2 - -9 - -11 - 4))?
-7
What is the value of 42 + -47 + (5 - (22 - 5)) + 11?
-6
4 + -8 + -16 + 30 + -6
4
Evaluate 15 + (-1 - 3) + (9 - 7).
13
Calculate 8 + (-3 + 6 + -2 - -6) + -7.
8
Evaluate -5 + (-9 - (-8 + 1)) + 0.
-7
What is -10 + (-8 - (-22 - -8)) + (17 - 45)?
-32
Evaluate -1 + (1 - 12) - (2 - 9) - 5.
-10
Evaluate 3 - ((49 - 41) + 2 + -10 - -4).
-1
Evaluate (1 - (5 + 1)) + 45 + (-2 - 34).
4
Calculate -70 + 76 - ((1 - 0) + 2).
3
(4 - -24) + 48 + -57
19
What is the value of 17 + -6 + -27 + 0?
-16
What is -10 + (32 - 2) + -22?
-2
Evaluate 12 - -15 - 29 - -26.
24
Evaluate 18 + -51 - -15 - (12 + 2).
-32
What is 21 - (44 + -5) - (-9 - -4)?
-13
Evaluate -6 + -11 + -2 + 16.
-3
Evaluate 38 + (-15 - 7) + -33.
-17
What is (-21 - 8) + 6 - -11?
-12
24 - (7 + 0) - (-22 - -31)
8
What is the value of 6 + (0 - 3) + 11 + -5?
9
14 + 2 - (-117 - -112 - (-2 + -2))
17
(2 - 26) + (25 - 0 - 24)
-23
(2 - -4 - (-28 - -30)) + -1 + -14
-11
Evaluate -3 + -2 + 3 - (-2 - (-5 - -7)).
2
What is 38 + -1 - (445 - 423)?
15
Calculate 1 + (-14 - -10) + 10 + 0 - -10.
17
What is the value of -1 + 0 - -13 - (17 - (-16 - -31))?
10
Evaluate (14 - (18 + (-15 - -5))) + 23 + -2.
27
Calculate -6 - 1 - -6 - 1 - (3 - 0).
-5
7 + (0 - 3 - -6 - 23)
-13
Calculate (-16 + -2 - (-11 - 0 - 0)) + 7.
0
(12 - 16) + 5 - 14
-13
(0 - -3) + -1 + 4
6
Calculate (118 - 109) + -2 + 0 + 2.
9
Calculate 3 + -10 + 18 + -18.
-7
Calculate 3 + -7 + 5 - (-3 - (8 + -2)).
10
Evaluate (43 + 32 - 30) + -10 + 0.
35
Evaluate -4 - (5 - 8 - 3 - -10).
-8
(31 - (7 - -47)) + 11
-12
Evaluate 3 + -7 + 0 - (-2 - -11).
-13
Calculate (-17 + -3 - -19) + -7 + -2.
-10
Evaluate 2 + (-7 - (-13 - -4 - 7 - -1)).
10
-21 + (26 - -9) - 15
-1
What is the value of 7 + (-1 - 13 - (-45 + 45))?
-7
Calculate (221 - 234) + (3 - 0).
-10
Calculate (3 + -5 - (-4 - -17)) + -5.
-20
Evaluate (-8 - 0) + 19 - (3 + 2 - -1).
5
Calculate (1 - 4) + (15 + 3 - 3) - -3.
15
Evaluate (10 - ((9 - 6) + -5)) + 0.
12
Calculate 5 - (-9 + 16 + 1).
-3
What is -9 + (-11 - -12) - -26?
18
Calculate (8 - -10) + 0 - 10.
8
(10 - -20) + -14 + -28
-12
What is (0 - (-6 - (9 - 14))) + -6?
-5
(-1 - 22) + 28 - 12
-7
Evaluate (-7 - (1 - (21 - 18))) + 37.
32
Evaluate -9 + 1 + (-14 - -37).
15
Evaluate 1 + ((11 - 0) + -4 - 0) + -3.
5
What is (2 - 12) + 18 - -2?
10
200 + -198 - (0 + 1)
1
Evaluate 2 + (30 - 16) - 31.
-15
What is (3 - 0) + -8 + (3 - -1) + -10?
-11
Evaluate (1 - 0) + (-12 - (15 + -23)).
-3
What is -24 + (52 - 31 - 11)?
-14
Calculate -25 - (38 + 8 + -79).
8
What is the value of -31 - 1 - (-73 + 55)?
-14
What is 27 + -35 - (5 - (1 - -17))?
5
Evaluate 8 - (2 - 4) - (-6 - (-26 + -8)).
-18
Evaluate (-13 - (2 - 1)) + 256 + -250.
-8
What is the value of (-22 - (2 - 16)) + 15?
7
Evaluate 4 - (5 + (-1 - 0)).
0
Evaluate (4 - (-1 - (3 + -3))) + (-6 - -3).
2
What is 3 + -2 + (19 - 16 - -8)?
12
Evaluate 36 - (-11 + (32 - -2)).
13
Calculate -7 + (29 - 35) + (17 - 0) + -5.
-1
(-14 - -4 - (1 + -17 + 7)) + -21
-22
Evaluate (-2 - 7 - -31) + -35.
-13
-3 + (104 - 94) + -2 + -6
-1
Calculate -3 - ((-6 - (-2 + -1)) + -6).
6
What is -12 - (-10 + (-6 + 32 - 13))?
-15
What is -13 - (2 + (-11 + 10 - 2))?
-12
Calculate -3 - (-8 - -33 - 28).
0
What is (-6 - (6 - 6)) + 3 - (-9 + 42)?
-36
What is 29 - 3 - (18 - 10)?
18
What is 11 + -19 - 15 - -32?
9
Evaluate (-14 - (-13 + 13)) + -1.
-15
Evaluate (14 - 44 - -13) + 17.
0
Calculate 12 + -27 - (-7 - 10).
2
What is -5 + (7 - (1 + -1 - -3)) - 9?
-10
(0 - -9) + (32 - 51 - -15)
5
-16 + (-5 - (-6 - (6 + -4)))
-13
(124 - 159) + (39 - 0)
4
Calculate 4 + 5 + -2 + -18.
-11
Evaluate -1 + 5 + -5 - (12 - (-1 + 11)).
-3
Calculate 19 + 8 + -20 + 11 - (2 - 3).
19
Evaluate (1 - (0 - 8)) + (5 + 17 - 27).
4
Calculate 103 + -97 + (3 - 1).
8
What is the value of 8 - (15 + -5 - -6)?
-8
Evaluate (-10 - -15) + (-8 + (-2 - -1) - 4).
-8
-14 + (-15 - (-26 + 0))
-3
What is the value of 24 + (2896 - 2892) + (1 - 2) + 0?
27
What is 1 + 8 + (1 - -6) - -6?
22
What is (1 - (-1 - 2)) + (-237 - -223)?
-10
What is the value of -4 + (-8 - (-4 - -2 - 17))?
7
What is -4 + (-9 - -2) - (10 - -4)?
-25
What is 14 - ((-12 - -17) + 0 + 9)?
0
What is (3 - (0 + -1)) + 5 - (-6 + 7)?
8
Calculate 10 - -2 - 4 - (22 - 8).
-6
-19 + (32 - 4) + -13
-4
Calculate 10 + -5 + 2 + -5 + -3.
-1
Calculate -31 + 6 + 35 - 38.
-28
What is the value of 9 + (26 - 42) + 7 + -2?
-2
Evaluate 11 - ((-11 - -15 - -32) + -7).
-18
What is the value of -21 + 11 + 8 + (0 - 2)?
-4
Evaluate -9 + 5 + (5 + -9 - -7) + 1.
0
What is the value of -317 + 306 + (3 - 1 - 1)?
-10
What is the value of 19 + (-20 - -21) + -8 + 1?
13
Calculate -9 - -8 - (4 - (9 - 3) - 4).
5
Evaluate 13 + -6 + -3 + (5 - -6).
15
What is 7 + (1 - (-7 - (6 - 6)))?
15
What is (14 - 5) + -21 + 0?
-12
(-2 - -1 - (-4 - -3 - -3)) + -9
-12
What is (-9 + 19 - 14) + 4?
0
What is the value of 18 - (-13 + -5 + 19)?
17
What is the value of -144 - -86 - (2 - 33)?
-27
What is 37 + -18 - 19 - -7?
7
What is 21 + -1 + -85 + 69 + (1 - -15)?
20
What is the value of -14 + -1 - (16 + (-19 - (15 - 20)))?
-17
Evaluate 8 + (-105 + 116 - (37 - -1)).
-19
Evaluate -24 + 28 + -5 - -31.
30
Evaluate -7 + (0 + (3 - 8) - 2 - -4).
-10
-6 + 6 - (-2 + 4) - (-10 + 10)
-2
-5 - (3 + -8 - 2)
2
What is the value of (9 - (-32 + 39)) + (0 - 1 - 6)?
-5
Calculate 1 + (27 - 31 - (1 + -2 - 1)).
-1
What is (-3 - (5 - 12) - 28) + 10?
-14
What is the value of 9 + -34 + 42 + -5?
12
What is the value of 1 - 10 - (247 - 243)?
-13
Calculate 19 - (-1 - 5 - (-23 + 8)).
10
What is the value of -4 + -1 + -19 + 12?
-12
Calculate -8 + (1 - -7) - (12 + -5).
-7
What is 10 + 1 + (4 - 29)?
-14
What is the value of -3 + 2 + 12 - (16 - -11)?
-16
0 + 16 + -470 + 430
-24
Calculate (-4 + -1 + -1 - (3 - 7)) + 6.
4
Calculate 65 + -56 - (1 - 2).
10
(0 - -19) + -1743 + 1724
0
-7 + (-7 - -3) + 6 - -6
1
-3 - 1 - (62 + -83 + 13)
4
2 - (-5 - (-9 + 10)) - 5 - 11
-8
Evaluate -5 - (-1 + -7) - 5.
-2
Evaluate -37 - (-1 - (-11 + 28 + -4)).
-23
What is (-17 - -1) + 39 + -27?
-4
Calculate 98 + -102 + -2 + 4 - -1.
-1
What is the value of 0 + (-13 - -1) + -3 + 1 + -3?
-17
Evaluate (12 - (16 + 9 + 11)) + -4 + -1.
-29
What is the value of -21 + 1 + (18 - 10)?
-12
What is the value of (17 - 22 - -17) + (0 - 2 - -1)?
11
Evaluate 168 + -165 + (29 - 0).
32
Evaluate -21 + 20 + -1 + 0 + 13.
11
What is (8 - 13) + 2 + -4 + 8 + -10?
-9
-14 + (3 + 5 + -11 - -6)
-11
5 - -1 - (14 - (45 + -8 + -11))
18
Evaluate -10 + 4 - (-2 + -5 + 0 + -4).
5
-8 - ((8 - 28) + 5) - 13
-6
-8 + (1 - (-6 + (6 - 6 - 0)))
-1
What is the value of -7 + (0 - -11 - (-138 + 155))?
-13
Calculate -8 + (5 - (-12 + 6 + 0)).
3
-18 + (19 - (15 + -3))
-11
-16 + -43 + 14 + 4 + 12
-29
What is (-9 + (-5 - -9) - -2) + 7?
4
Calculate -4 + -1 - 4 - (-1 - 1).
-7
Evaluate 1 - 2 - (-2 + -2).
3
What is the value of 0 - (13 + -26 - -17)?
-4
Calculate 4 - (53 + -25) - -9.
-15
What is the value of (0 - 2) + -42 - (-360 - -349)?
-33
What is the value of 40 - 29 - ((4 - 4) + 24)?
-13
Evaluate 4 + -2 + -1 + -17 + 79 + -75.
-12
Calculate -1 + 32 - (-62 - -78).
15
What is the value of -2 - ((-10 - 27) + 32)?
3
Calculate 2 + -22 + (-32 - -31).
-21
Calculate 8 + -1 - (-4 - -10).
1
4 - 2 - 4 - -11 - 5
4
What is the value of -11 + (1 - -9 - (39 + -22 - 13))?
-5
Calculate 20 + -12 - ((-49 - -44) + (29 - 0)).
-16
What is the value of 14 + -5 + 8 + -9 - -1?
9
20 + 2 + 5 + -12 + 9
24
Evaluate (4 - 31 - -49) + -42.
-20
What is the value of 25 - (6 + (-31 - -25))?
25
-16 + ((5 - 25) + 11 - -6) - -7
-12
What is the value of -5 + -14 + -12 - (-15 + 2)?
-18
Evaluate -15 + 4 + (11 - 8) + -3.
-11
-35 - (18 + -17 + (18 - 22))
-32
What is -60 - ((-12 - -32) +